-180094. What is the hundreds digit of k?
1
Let u = 507 + -216. Let b = 372 - u. What is the tens digit of b?
8
Suppose -28379 = 7*t - 19*t - t. What is the units digit of t?
3
Let n(i) = -436*i + 4124. What is the hundreds digit of n(-16)?
1
Suppose 86*o - 84*o = -18. What is the tens digit of o + 4 + 9 - -110?
1
Let a(t) = 8*t + 13*t**2 - 5 - 3 - 4*t**2 - 17*t. Let i be a(-1). Suppose i*c - 223 = -13. What is the units digit of c?
1
Suppose -3 = 3*a - 12. Suppose 1784 = a*i - 2*g, -2*i + 5*i = 5*g + 1769. What is the units digit of i?
8
Suppose -4*i + j = -8, 12 + 3 = -i - 4*j. What is the tens digit of (i/4)/((-3)/(-996))?
8
What is the units digit of (-393974)/(-140)*5 + 20/8?
3
Suppose 39*u - 96386 = 305314. What is the hundreds digit of u?
3
Let l = -171 - -183. Suppose 8*d = 5*d + 4*b + 1316, 0 = -3*b + l. What is the units digit of d?
4
Let i = 1113 + 1442. Suppose -795 = -2*w + i. What is the units digit of w?
5
Suppose -n + 3*g + 29 = 5*g, 67 = 2*n + g. Suppose -3*j + 7 = -n. What is the units digit of 42/j*((-25)/(-3) - 1)?
2
Let y = 44 - 28. Let u(s) = s**2 + 21*s + 137. Let x be u(-12). Let d = x - y. What is the tens digit of d?
1
Let j = -7899 - -17652. What is the thousands digit of j?
9
Let g be (-209)/(-38) - (-2)/(-4). Suppose g*i - 8*i = 15. Let j(u) = -13*u - 16. What is the tens digit of j(i)?
4
Let h(x) = 6234*x**2 + 15*x - 14. What is the hundreds digit of h(1)?
2
Suppose -2*m = 1 - 7. Suppose -m*o + 2336 = -2*v, -3*v + 1133 + 2792 = 5*o. What is the hundreds digit of o?
7
Suppose 0 = 272*n - 42*n - 4085490. What is the units digit of n?
3
Let r(l) = -71*l - 27. Let s(n) = 14*n**2 + 33 - 32*n**3 - 15*n - 9 + 31*n**3. Let u be s(13). What is the units digit of r(u)?
5
Let p be (-3 - (-84)/16)/(16/128). What is the hundreds digit of 22335/p - (-10)/60?
2
Let q = 75421 - 32452. What is the thousands digit of q?
2
Suppose -135*u + 130*u + 38044 = 4*x, 47526 = 5*x - u. What is the hundreds digit of x?
5
Let a be -2 - 50*3/6. Let n be (11/(385/378))/((-6)/(-15)). What is the tens digit of a/(n/(-6) - -3)?
1
Let w = 169 - 331. Let r(a) = -22*a - 912. Let m be r(-54). Let j = w + m. What is the tens digit of j?
1
Let h be 2/1 + 2278 + -11. Suppose 0 = 5*d - h - 216. What is the tens digit of d?
9
Let a(p) = -918*p + 510. What is the thousands digit of a(-5)?
5
Let m = -655 + 674. Suppose -3*x - 3*o - 2*o - 9 = 0, 0 = 2*x - 5*o - m. What is the units digit of x?
2
Let y(v) = 5*v**2 + 17*v + 12. Let h be y(-6). What is the units digit of (-73)/((-6)/h*1)?
5
Suppose 2*x + 12791 = c, 10*c = 5*c - 5*x + 64075. What is the ten thousands digit of c?
1
Suppose -8*h + h + 3465 = 0. Suppose n = 2*n + 1, 2*g + 3*n - h = 0. What is the units digit of g?
9
What is the units digit of -11 + (2 - -4284) + -10?
5
Let s(w) = 2*w**3 + 3*w - 2. Let y be s(1). Suppose -7443 = -4*r + y*h + 723, -h - 6122 = -3*r. What is the tens digit of r?
4
Let i(n) = 18*n - 5. Suppose -3*u + 0*u + 7 = -2*d, -4*u + 36 = 4*d. Let f = -3 + u. What is the tens digit of i(f)?
3
Let f(r) = r**2 + 9*r - 30. Suppose -4*z + 79 - 131 = 0. What is the tens digit of f(z)?
2
Suppose 5*u - 3*o = 6*u - 223, -2*o - 850 = -4*u. What is the units digit of u?
4
Let q be (-7)/2*(-2 + 0). Let o be -1*(0 - q) + 0. Suppose 12*y - 50 = o*y. What is the units digit of y?
0
Let k be (54/(-30))/(103/(-25) - -4). Suppose -k*y + 13042 = 4027. What is the tens digit of y?
0
Let y be (-3*5/30)/((-2)/636). Suppose 26 = m + y. Let x = -79 - m. What is the tens digit of x?
5
Let g = 2451 - 2056. What is the hundreds digit of g?
3
Suppose -2*o + 13*v - 14*v = -44210, -4*v = 3*o - 66310. What is the units digit of o?
6
Suppose -70 = -5*a - 5*q, -a + 12 + 8 = 3*q. Let w(y) = -y**3 + 16*y**2 - 19*y - 18. What is the tens digit of w(a)?
7
Suppose 2*t = 6, 7 = 2*g + t - 2. Let a be (-1 - 1) + 510/g. Suppose 0 = -p - p + a. What is the tens digit of p?
8
Suppose 48*g = 45*g + h + 17746, 7*h + 7 = 0. What is the hundreds digit of g?
9
Suppose 3*k - 143 = 154. Suppose -1186 = -3*l - c, 2*l - 4*c - 673 = k. Suppose 4*b = -0*b - g + l, 200 = 2*b + 2*g. What is the tens digit of b?
9
Suppose -69*g = -131289 - 46110. What is the tens digit of g?
7
Suppose 12 = 3*f, -3*g - 12 = -3*f - 0. Suppose g = 2*v + 3*t - 69, 3*t + t + 115 = 5*v. Let n = v - -92. What is the hundreds digit of n?
1
Let n = 586 + 1476. What is the units digit of n?
2
Let i(f) = -f - 94. Suppose -2*l = -0*l - 5*t - 27, 5*l - 2*t - 15 = 0. Let j(k) = k**3 + 1. Let d(w) = l*j(w) - i(w). What is the units digit of d(0)?
5
Suppose 4*t + 2*p = 110 + 58, 5*t = 3*p + 210. Let v = -38 + t. Suppose -4*c + v = -2*c. What is the units digit of c?
2
Let q be (-1)/(-3) - (-2)/(30/55). Suppose 5*k = 2*a + 5, -q*k + 2 = 2*a - 4*a. Suppose 2 + 2 = 4*n, a*h + 4*n - 124 = 0. What is the tens digit of h?
2
Let g(m) = 10*m + 124. Let u be g(-12). What is the tens digit of ((-2)/6)/(u*(-9)/33372)?
0
Let f(o) = o**3 - 16*o**2 + 282*o + 22. What is the hundreds digit of f(29)?
1
Let t be (14/(-4))/(1/86). Let g = 516 + t. What is the units digit of g?
5
Let k(z) = 2*z**2 + 19*z + 37. Let a be k(-7). Suppose -456 = -i - 2*x, a*i + 2*x + 0*x - 922 = 0. What is the tens digit of i?
6
Let a(h) = -17*h**3 + 33*h**2 + 32*h - 5. Let w(o) = 6*o**3 - 11*o**2 - 11*o + 2. Let x = -30 + 41. Let z(r) = x*w(r) + 4*a(r). What is the units digit of z(5)?
2
Suppose c - 5340 - 6703 = -2*n, 0 = 4*n - 3*c - 24061. What is the units digit of n?
9
What is the thousands digit of (1 + -4 + 24376)/(-7 + (-64)/(-8))?
4
Suppose -6 = t, 73*t - 71*t + 37745 = z. What is the tens digit of z?
3
Let q be (19 - 14)*(-5)/(5/(-2)). Suppose q*o = -17 + 6027. What is the units digit of o?
1
Let l(o) = 3*o - 17. Let h be l(7). Let x be 2 + ((-78)/(-65))/(h/10). What is the units digit of (-3)/x - (-876)/10?
7
Suppose -5*q + 11510 = -4*b, 0 = -235*q + 240*q + 4*b - 11510. What is the tens digit of q?
0
Let g(x) = 2*x - 22. Let q be g(13). Suppose -4*l = q*b - 12, -5*l + 11 + 4 = 4*b. Suppose -3*r + 2*r = -3*z - 18, 4*z = b. What is the tens digit of r?
1
Let v(t) = -200*t - 197. What is the hundreds digit of v(-11)?
0
Let x = 617 - 622. Let q(l) = -3*l**2 - 5*l - l**3 + 0*l - 1 + 7. What is the units digit of q(x)?
1
Suppose -3*h - 3*r + r + 1358 = 0, -r - 1818 = -4*h. Suppose -h = -3*b + 596. What is the units digit of b?
0
What is the hundreds digit of (-1192)/(-7 + (-1 + -2 - -8))?
5
Let i = -52 + 57. Suppose 2*g + 10 = -i*l + 129, -5*g = -4*l - 248. What is the units digit of g + ((-100)/(-36) - (-2)/9)?
5
Suppose 47 - 443 = -9*c. Suppose 7*d + c = -180. What is the tens digit of -2 - (d/(-20))/((-2)/40)?
3
Let f = 895 + -489. Let o be 11/2 - 0 - 2/4. Suppose -3*r - r - f = -3*z, r + 705 = o*z. What is the hundreds digit of z?
1
Let n(q) = -q**3 - 6*q + 4. Let p(b) = -2*b**3 + b**2 - 13*b + 8. Let t(l) = 7*n(l) - 3*p(l). Let d be t(-2). What is the tens digit of (-9)/(-27) + (4528/d)/4?
8
Suppose 3*o - 3*a = -108, 168 = 3*o - 8*o + 2*a. Let y = o + 167. Suppose 0 = -2*t + 3*z - 5*z + 90, -3*t = -4*z - y. What is the tens digit of t?
4
Suppose -66*w = 12*w - 801060. What is the tens digit of w?
7
Let u(m) = -111*m + 5074. What is the hundreds digit of u(-32)?
6
Let c(y) = 2*y + 33. Let j be c(-15). Suppose 2*q = 5*o - 48, 2*o - j = -q + 18. Suppose -o*r + 3*r = -161. What is the tens digit of r?
2
Suppose -3*w + 49413 = 2*p, -9*w = -5*w + 4*p - 65888. What is the units digit of w?
9
Let p = 6373 - 261. What is the tens digit of p?
1
What is the hundreds digit of 5376 + ((-8)/(-14) - (-620)/140)?
3
Let a(l) = -2*l**2 + 27*l - 34. Let v be a(13). What is the tens digit of (212 - v)/(2 - 1)?
3
Suppose 4*h - 115 = -2*x + 47, 10 = 2*x. Let a(r) = 41*r**2 + 211*r - 7. Let s be a(-5). Let f = h + s. What is the units digit of f?
1
Suppose -76*l + 64367 = 17095. What is the units digit of l?
2
Suppose -553803 - 521182 = -44*r - 16521. What is the ten thousands digit of r?
2
Let o(z) = -18*z**2 + 19*z - 4. Let p be o(5). Let u = -62 - p. What is the tens digit of u?
9
Suppose -11*f = 73 + 4. What is the tens digit of -523*(-3 - (5 + f))?
2
Suppose 3*f + 3*p + 1461 = -2*f, 5*f + 1458 = -4*p. Let v = f + 606. What is the hundreds digit of v?
3
Let g(m) = -m - 37. Let f be g(7). Let z = f + 66. Suppose -5